n - 9 = 0, -5*n + 119 = -3*j - 37. Let q = 655 - 607. Let u = j + q. Calculate the greatest common factor of u and 3.
1
Let p be 12*(-7)/(-84) + 54. Let q(v) = 3*v**2 - 3*v - 5. Let z be q(-6). Calculate the greatest common divisor of z and p.
11
Suppose z - 36*y + 34*y = 37, 0 = -5*y + 5. What is the highest common factor of 2379 and z?
39
Suppose -3696 = -0*j - 11*j. Suppose -6*p = p - j. Suppose 3*u = -2*u + 60. What is the greatest common divisor of p and u?
12
Suppose 6 = -5*d + 1. Let j be ((4/4)/(d/4))/(-2). Suppose -j*n + 300 = n. Calculate the greatest common factor of 10 and n.
10
Let u(x) = -x**2 - 3*x - 10. Let j be u(-3). Let y be (-17 - j)*1/(1/(-1)). Let n = 9 + -2. What is the highest common divisor of y and n?
7
Let g = -82 - -267. What is the highest common factor of g and 1739?
37
Let z(c) = -c**3 - 29*c**2 - 200*c - 52. Let r be z(-10). What is the greatest common factor of 1500 and r?
12
Suppose 2 = y, -p - 3*y + 1356 = 4*p. Calculate the greatest common divisor of p and 165.
15
Let f be (-80848)/(-16) - -14 - 14. What is the greatest common factor of f and 62?
31
Suppose 18*s = -11*s + 22*s + 644. What is the highest common factor of s and 897?
23
Let j = 227 - 210. Suppose -j*k = 908 - 3866. Calculate the highest common factor of k and 6.
6
Let f = 2413 - 2410. What is the highest common factor of f and 108?
3
Suppose 3*i = 4*r + 53, 3*i - 20 - 27 = r. Suppose 8 = y - i. Let d(v) = 30*v + 1913. Let t be d(-63). Calculate the highest common divisor of t and y.
23
Let u(l) = 22*l**2 - 6*l + 143. Let y be u(8). What is the greatest common factor of y and 1169?
167
Let q = 231 + -202. Let t = 43 - q. What is the greatest common factor of 182 and t?
14
Let s(d) = 124*d**2 - 4*d - 10. Let o be s(-2). Let l be (-250)/(-30) - 8 - o/(-3). Calculate the greatest common factor of 30 and l.
15
Let l = 1967 - 1887. Calculate the greatest common divisor of 140 and l.
20
Let i be (-21)/(-7) - (-4 + -1 + 0). Suppose 3*f - 348 = -36. Let l be 6/(9/3) + f/i. Calculate the greatest common divisor of 165 and l.
15
Let t(p) be the second derivative of p**5/10 - 25*p**4/4 + 6*p**3 + 169*p**2/2 - 41*p - 3. Let c be t(37). Calculate the greatest common divisor of c and 77.
11
Let b(f) = -3*f**3 - 4*f**2 - f - 6. Let n = 6 + -6. Suppose 0 = h + 3, -2*z + 3*h + 1 + n = 0. Let i be b(z). What is the highest common factor of 14 and i?
14
Let y(n) = 3*n**2 + 8*n + 5. Let h be y(-3). Let b = -60 - -70. Let v = b - h. What is the greatest common factor of v and 14?
2
Let l = -94 + 94. Suppose l = s - 11 - 5. Calculate the highest common factor of 112 and s.
16
Let m = -413 + 584. Suppose m = 55*s - 46*s. What is the highest common divisor of 209 and s?
19
Suppose -831 = 20*o - 2811. Suppose 0 = -2*i + 77 + 31. Suppose -4*y + i = 10. Calculate the greatest common factor of y and o.
11
Suppose j = -4*l + 356, 3*l + 4*j + 0*j - 254 = 0. What is the highest common factor of 111 and l?
3
Suppose 36*p - 2352 - 15396 = 0. What is the greatest common divisor of 119 and p?
17
Let x(s) = s**2 - 12*s - 165. Let a be x(23). Let y be (-616)/(-21)*(36 + 3). What is the highest common divisor of a and y?
88
Let t(q) = 717*q + 743. Let f be t(-1). Calculate the highest common factor of 64 and f.
2
Let g be 12/(-20) + (-56)/(-10). Suppose -g*m + 19 = -6. Let d(j) = 6*j**2 - 8*j + 15. Let r be d(3). Calculate the greatest common factor of r and m.
5
Let c(y) = y + 4. Let o be c(-1). Suppose 0 = -g - 4*w + 2, -89 + 43 = -o*g - 2*w. Calculate the highest common factor of 45 and g.
9
Let r = 23 + -11. Let n = r + -7. Let u be ((-18)/3)/(-3)*n. Calculate the greatest common divisor of 10 and u.
10
Suppose 2*f = 4*j - 24, -2*j = -4*f - 9 - 15. Let g = -1 + j. Suppose -9*t + 4*t + 29 = g*y, 0 = 2*y - 4*t - 12. What is the highest common divisor of y and 2?
2
Let k be 25 - (-19)/((-437)/23). What is the highest common factor of 9552 and k?
24
Suppose 0 = 50*c - 44*c - 270. Suppose 0 = -3*j - n + 194 + 19, 2*j + 2*n = 142. Let a = -44 + j. What is the highest common divisor of a and c?
9
Suppose 4*d - 9 = -10*x + 11*x, 165 = -5*x - 4*d. Let q(z) = -z + 73. Let s be q(x). Calculate the highest common divisor of s and 1734.
102
Let l(b) = b**3 + 21*b**2 + 35*b + 8. Let z be (-57)/2*12/18. Let p be l(z). Let j be 28/5 + (-39)/65. Calculate the highest common divisor of p and j.
5
Let o(j) = 25*j**2 - 403*j + 6. Let q be o(17). What is the highest common factor of q and 530?
10
Let j(s) = s**2 - s + 1. Let k(v) = -7*v**2 + 2*v + 36. Let u(m) = -6*j(m) - k(m). Let y be u(6). What is the greatest common divisor of 24 and y?
6
Let m = -45 - -56. Suppose 15*x - 144 = m*x. Suppose -108 = -2*z + 3*n - 2*n, 0 = 3*z - 2*n - 162. What is the highest common factor of z and x?
18
Suppose y - 8 = 38. Suppose 0 = 10*u + 5*u - 25770. Suppose -26*c + 1272 + u = 0. Calculate the greatest common factor of y and c.
23
Suppose -323 - 1 = -3*d + 3*y, -5*d - 4*y = -576. Let h = 43 - 38. Suppose 3*x + h*l = 48, 5*x - l - 77 - 3 = 0. What is the greatest common factor of x and d?
16
Suppose 0 = 9*n - 3*n. Suppose n = -12*c + 4*c + 32. What is the greatest common factor of c and 104?
4
Suppose 0 = 13*j + 143*j + 102*j - 5160. What is the greatest common divisor of j and 1205?
5
Let w = 101 - 197. Let i = -52 - w. Let y(f) = 11*f**2 + 4*f + 4. Let k be y(-1). What is the greatest common factor of i and k?
11
Suppose 20*h - 335495 + 261017 - 531122 = 0. Calculate the greatest common factor of 40 and h.
40
Suppose -5*u = -206 + 76. Suppose -5*p = -k - 4, 3*k = 5*p + u - 8. Suppose -k*h + 16 = -10*h. Calculate the highest common factor of h and 112.
16
Let t = 369 - 351. Suppose 28*k - t*k = 3190. Calculate the highest common divisor of k and 29.
29
Let p(d) = 4*d**3 + 2*d**2 - 5*d + 9. Let y be (4 + -7 - -6) + 0. Let q be p(y). What is the highest common factor of 24 and q?
24
Let z = 146 - 42. Suppose 0 = w + z - 152. What is the highest common factor of w and 12?
12
Let w(a) = 13*a**2 + a + 16. Let n be w(-4). Let u = n - 110. What is the highest common divisor of u and 10?
10
Suppose -179 - 29 = 2*u + 5*b, -12 = 3*b. Let k be (-18)/(-15) - u/5. Calculate the greatest common divisor of 4 and k.
4
Suppose -5*c + 69 = 2*g, c + 4*c - 60 = -5*g. Let d = -6 - -10. Let k be 2/d - 76/(-8). What is the highest common factor of k and c?
5
Suppose 6*n = 165 - 4713. Let r = -641 - n. Calculate the highest common factor of 126 and r.
9
Let x(p) = 4*p**3 - 2*p**2 + 2*p - 1. Let a be x(2). Let y = 87481 + -86941. What is the highest common divisor of y and a?
27
Let w(r) = 2*r**3 - r**2 + 4*r + 3. Suppose 5*h + 99 + 107 = -3*a, a = h + 46. Let q = h + 46. Let k be w(q). Calculate the highest common divisor of k and 12.
12
Let q(j) = -j**3 + 11*j**2 + 10*j + 38. Let l be q(12). Suppose 16*k - 11*k - 40 = 0. Calculate the greatest common divisor of l and k.
2
Suppose 10*r = 2954 - 9234. Let y = -601 - r. What is the greatest common divisor of y and 405?
27
Let d = 244 - 239. Suppose -16*z = d*c - 15*z - 1590, 334 = c - 3*z. What is the greatest common factor of 58 and c?
29
Let d = -10922 + 16655. What is the greatest common divisor of 126 and d?
63
Let y be 7 + (1 - (-20 - -13 - -7)). What is the greatest common divisor of y and 18356?
4
Suppose 178*p - 353*p + 160*p + 1320 = 0. Calculate the greatest common factor of p and 3916.
44
Let t be 0/(-3) + -54 + -1. Let m = t - -58. Suppose 92 = m*s + 2*g, 74 = 4*s + g - 42. What is the highest common factor of s and 42?
14
Let k(l) = 6*l**2 + 5*l + 2. Let m(o) = -o**2 + 4*o - 5. Let d be m(1). Let r be k(d). Suppose r = 3*y + y. What is the highest common divisor of 4 and y?
4
Suppose -39 + 11 = -4*t. Let y be (306/136)/((-1)/(27 + 1)). Let u be 18/y - 1082/(-14). What is the greatest common divisor of t and u?
7
Suppose -49*k + 83*k + 726 = 36*k. What is the highest common divisor of 2211 and k?
33
Let a = -33 + 36. Suppose 4*q + l - 272 = 39, 5*q = a*l + 393. Calculate the greatest common divisor of q and 182.
26
Let y(t) = t**3 + 10*t**2 + 17*t + 21. Let b be y(-6). Suppose 22*r + b = 23*r. Let l = 426 + -300. Calculate the greatest common factor of r and l.
63
Let g(u) = u + 19. Suppose 33 - 8 = -5*f. Let a be g(f). What is the greatest common factor of 14 and a?
14